prime factors of 1012.
2, 11, 23
List the prime factors of 931.
7, 19
List the prime factors of 1729.
7, 13, 19
What are the prime factors of 43212?
2, 3, 13, 277
List the prime factors of 1528.
2, 191
List the prime factors of 12941.
12941
List the prime factors of 14216.
2, 1777
List the prime factors of 3125.
5
What are the prime factors of 3764?
2, 941
List the prime factors of 10008.
2, 3, 139
What are the prime factors of 13924?
2, 59
List the prime factors of 76085.
5, 15217
List the prime factors of 221.
13, 17
List the prime factors of 146884.
2, 36721
What are the prime factors of 222?
2, 3, 37
What are the prime factors of 2338?
2, 7, 167
What are the prime factors of 1315?
5, 263
What are the prime factors of 196?
2, 7
What are the prime factors of 2043?
3, 227
What are the prime factors of 5638?
2, 2819
What are the prime factors of 1757?
7, 251
List the prime factors of 1864.
2, 233
What are the prime factors of 91966?
2, 7, 6569
What are the prime factors of 2447?
2447
List the prime factors of 81.
3
What are the prime factors of 27650?
2, 5, 7, 79
What are the prime factors of 102277?
7, 19, 769
What are the prime factors of 20891?
13, 1607
List the prime factors of 2878.
2, 1439
What are the prime factors of 15398?
2, 7699
What are the prime factors of 48122?
2, 24061
What are the prime factors of 46109?
7, 941
List the prime factors of 46130.
2, 5, 7, 659
What are the prime factors of 1097?
1097
List the prime factors of 9916.
2, 37, 67
What are the prime factors of 33159?
3, 7, 1579
What are the prime factors of 697?
17, 41
What are the prime factors of 157885?
5, 7, 13, 347
What are the prime factors of 117810?
2, 3, 5, 7, 11, 17
What are the prime factors of 2385?
3, 5, 53
What are the prime factors of 47569?
47569
What are the prime factors of 11490?
2, 3, 5, 383
List the prime factors of 4069.
13, 313
What are the prime factors of 72807?
3, 7, 3467
What are the prime factors of 28020?
2, 3, 5, 467
What are the prime factors of 16305?
3, 5, 1087
List the prime factors of 16223.
16223
What are the prime factors of 306?
2, 3, 17
What are the prime factors of 103976?
2, 41, 317
List the prime factors of 1809.
3, 67
List the prime factors of 9173.
9173
What are the prime factors of 851?
23, 37
What are the prime factors of 33683?
13, 2591
List the prime factors of 1361.
1361
What are the prime factors of 3688?
2, 461
What are the prime factors of 118873?
118873
What are the prime factors of 27168?
2, 3, 283
List the prime factors of 1113.
3, 7, 53
List the prime factors of 5603.
13, 431
List the prime factors of 326.
2, 163
List the prime factors of 1186.
2, 593
What are the prime factors of 3263?
13, 251
What are the prime factors of 1821?
3, 607
What are the prime factors of 4064?
2, 127
What are the prime factors of 23778?
2, 3, 1321
List the prime factors of 2313.
3, 257
What are the prime factors of 1381?
1381
What are the prime factors of 5849?
5849
List the prime factors of 1447.
1447
List the prime factors of 301.
7, 43
What are the prime factors of 9425?
5, 13, 29
What are the prime factors of 8364?
2, 3, 17, 41
What are the prime factors of 119868?
2, 3, 7, 1427
List the prime factors of 21608.
2, 37, 73
What are the prime factors of 41128?
2, 53, 97
List the prime factors of 1160.
2, 5, 29
List the prime factors of 120881.
109, 1109
What are the prime factors of 2304?
2, 3
What are the prime factors of 41887?
41887
List the prime factors of 992.
2, 31
List the prime factors of 57639.
3, 19213
List the prime factors of 23713.
23, 1031
List the prime factors of 11401.
13, 877
List the prime factors of 3620.
2, 5, 181
List the prime factors of 581.
7, 83
What are the prime factors of 596?
2, 149
What are the prime factors of 2560?
2, 5
What are the prime factors of 19420?
2, 5, 971
List the prime factors of 14986.
2, 59, 127
List the prime factors of 136.
2, 17
What are the prime factors of 24386?
2, 89, 137
List the prime factors of 1350.
2, 3, 5
What are the prime factors of 4850?
2, 5, 97
List the prime factors of 8812.
2, 2203
List the prime factors of 14961.
3, 4987
List the prime factors of 143483.
143483
What are the prime factors of 1502?
2, 751
List the prime factors of 2347.
2347
List the prime factors of 2933.
7, 419
List the prime factors of 265.
5, 53
What are the prime factors of 553?
7, 79
List the prime factors of 4129.
4129
List the prime factors of 171401.
171401
List the prime factors of 100546.
2, 50273
List the prime factors of 850.
2, 5, 17
What are the prime factors of 1059?
3, 353
What are the prime factors of 927?
3, 103
List the prime factors of 1148.
2, 7, 41
List the prime factors of 1328.
2, 83
List the prime factors of 5217.
3, 37, 47
What are the prime factors of 6048?
2, 3, 7
List the prime factors of 246.
2, 3, 41
List the prime factors of 4741.
11, 431
List the prime factors of 1137.
3, 379
List the prime factors of 879.
3, 293
List the prime factors of 6759.
3, 751
What are the prime factors of 65466?
2, 3, 3637
What are the prime factors of 17880?
2, 3, 5, 149
What are the prime factors of 3362?
2, 41
What are the prime factors of 59960?
2, 5, 1499
What are the prime factors of 1905?
3, 5, 127
What are the prime factors of 21018?
2, 3, 31, 113
List the prime factors of 85618.
2, 13, 37, 89
List the prime factors of 1276.
2, 11, 29
What are the prime factors of 6627?
3, 47
List the prime factors of 850.
2, 5, 17
List the prime factors of 22114.
2, 11057
What are the prime factors of 5010?
2, 3, 5, 167
What are the prime factors of 103269?
3, 29, 1187
What are the prime factors of 8311?
8311
What are the prime factors of 32?
2
List the prime factors of 1817.
23, 79
What are the prime factors of 949?
13, 73
What are the prime factors of 2021?
43, 47
List the prime factors of 80296.
2, 10037
What are the prime factors of 1257?
3, 419
List the prime factors of 42764.
2, 10691
List the prime factors of 29760.
2, 3, 5, 31
List the prime factors of 17853.
3, 11, 541
What are the prime factors of 3245?
5, 11, 59
What are the prime factors of 874?
2, 19, 23
What are the prime factors of 5749?
5749
What are the prime factors of 976?
2, 61
List the prime factors of 60151.
7, 13, 661
List the prime factors of 276.
2, 3, 23
List the prime factors of 68412.
2, 3, 5701
What are the prime factors of 44519?
44519
List the prime factors of 29560.
2, 5, 739
What are the prime factors of 59404?
2, 14851
What are the prime factors of 1376?
2, 43
What are the prime factors of 830?
2, 5, 83
What are the prime factors of 2608?
2, 163
What are the prime factors of 42169?
42169
What are the prime factors of 6856?
2, 857
List the prime factors of 1170.
2, 3, 5, 13
What are the prime factors of 17904?
2, 3, 373
List the prime factors of 97194.
2, 3, 97, 167
What are the prime factors of 1814?
2, 907
What are the prime factors of 14232?
2, 3, 593
List the prime factors of 1519.
7, 31
What are the prime factors of 9522?
2, 3, 23
What are the prime factors of 14058?
2, 3, 11, 71
What are the prime factors of 1727?
11, 157
List the prime factors of 1481.
1481
List the prime factors of 1001.
7, 11, 13
What are the prime factors of 9305?
5, 1861
What are the prime factors of 237?
3, 79
What are the prime factors of 26731?
26731
List the prime factors of 490.
2, 5, 7
List the prime factors of 35876.
2, 8969
List the prime factors of 3897.
3, 433
List the prime factors of 1130.
2, 5, 113
What are the prime factors of 77608?
2, 89, 109
What are the prime factors of 59873?
11, 5443
List the prime factors of 20749.
20749
List the prime factors of 2466.
2, 3, 137
List the prime factors of 1498.
2, 7, 107
What are the prime factors of 836?
2, 11, 19
What are the prime factors of 2795?
5, 13, 43
List the prime factors of 5558.
2, 7, 397
List the prime factors of 40410.
2, 3, 5, 449
What are the prime factors of 5723?
59, 97
List the prime factors of 149235.
3, 5, 9949
List the prime factors of 5249.
29, 181
What are the prime factors of 13661?
19, 719
List the prime factors of 2127.
3, 709
What are the prime factors of 66556?
2, 7, 2377
List the prime factors of 3832.
2, 479
What are the prime factors of 51654?
2, 3, 8609
What are the prime factors of 4488?
2, 3, 11, 17
List the prime factors of 64973.
43, 1511
What are